{"id":6979,"date":"2022-10-28T16:30:07","date_gmt":"2022-10-28T16:30:07","guid":{"rendered":"http:\/\/avozdecambra.pt\/?page_id=6979"},"modified":"2022-10-30T11:02:57","modified_gmt":"2022-10-30T11:02:57","slug":"podcast","status":"publish","type":"page","link":"http:\/\/avozdecambra.pt\/?page_id=6979","title":{"rendered":"Podcast"},"content":{"rendered":"\n<p>Fora do Papel<\/p>\n\n\n\n<figure class=\"wp-block-image size-full\"><img decoding=\"async\" src=\"http:\/\/avozdecambra.pt\/wp-content\/uploads\/2022\/10\/podcast_web.jpg\" alt=\"\" class=\"wp-image-6983\"\/><\/figure>\n\n\n\n<figure class=\"wp-block-audio\"><audio controls src=\"http:\/\/avozdecambra.pt\/wp-content\/uploads\/2022\/10\/podcast.mp3\"><\/audio><figcaption><strong>Projeto \u201cVale de Tesouros\u201d d\u00e1 a conhecer lendas de Vale de Cambra&nbsp; <\/strong><br>\u201cS\u00f3 se consegue reavivar o patrim\u00f3nio oral e tradicional de Vale de Cambra se as crian\u00e7as e jovens conhecerem e viverem estas hist\u00f3rias e as perpetuarem\u201d<\/figcaption><\/figure>\n","protected":false},"excerpt":{"rendered":"<p>Fora do Papel<\/p>\n","protected":false},"author":2,"featured_media":0,"parent":0,"menu_order":0,"comment_status":"closed","ping_status":"closed","template":"","meta":{"_monsterinsights_skip_tracking":false,"_monsterinsights_sitenote_active":false,"_monsterinsights_sitenote_note":"","_monsterinsights_sitenote_category":0,"footnotes":""},"class_list":["post-6979","page","type-page","status-publish"],"aioseo_notices":[],"_links":{"self":[{"href":"http:\/\/avozdecambra.pt\/index.php?rest_route=\/wp\/v2\/pages\/6979","targetHints":{"allow":["GET"]}}],"collection":[{"href":"http:\/\/avozdecambra.pt\/index.php?rest_route=\/wp\/v2\/pages"}],"about":[{"href":"http:\/\/avozdecambra.pt\/index.php?rest_route=\/wp\/v2\/types\/page"}],"author":[{"embeddable":true,"href":"http:\/\/avozdecambra.pt\/index.php?rest_route=\/wp\/v2\/users\/2"}],"replies":[{"embeddable":true,"href":"http:\/\/avozdecambra.pt\/index.php?rest_route=%2Fwp%2Fv2%2Fcomments&post=6979"}],"version-history":[{"count":6,"href":"http:\/\/avozdecambra.pt\/index.php?rest_route=\/wp\/v2\/pages\/6979\/revisions"}],"predecessor-version":[{"id":6998,"href":"http:\/\/avozdecambra.pt\/index.php?rest_route=\/wp\/v2\/pages\/6979\/revisions\/6998"}],"wp:attachment":[{"href":"http:\/\/avozdecambra.pt\/index.php?rest_route=%2Fwp%2Fv2%2Fmedia&parent=6979"}],"curies":[{"name":"wp","href":"https:\/\/api.w.org\/{rel}","templated":true}]}}